{"id":125,"date":"2021-12-30T20:50:50","date_gmt":"2021-12-30T19:50:50","guid":{"rendered":"https:\/\/eggertshus.dk\/?page_id=125"},"modified":"2023-12-29T10:53:37","modified_gmt":"2023-12-29T09:53:37","slug":"maalgruppe","status":"publish","type":"page","link":"https:\/\/eggertshus.dk\/index.php\/maalgruppe\/","title":{"rendered":"M\u00e5lgruppe"},"content":{"rendered":"\n<p>Eggertshus m\u00e5lgruppe inkluderer b\u00f8rn der befinder sig indenfor eller p\u00e5 kanten af f\u00f8lgende grupper:<\/p>\n\n\n\n<ul class=\"wp-block-list\">\n<li>Tilknytnings forstyrrede b\u00f8rn og unge<\/li>\n\n\n\n<li>Sent udviklede b\u00f8rn og unge<\/li>\n\n\n\n<li>Udadreagerende<\/li>\n\n\n\n<li>STU-elever<\/li>\n\n\n\n<li>Grundskole elever<\/li>\n<\/ul>\n\n\n\n<p>Eggertshus\u00b4 m\u00e5lgruppe er b\u00f8rn og unge i alderen 6 til 18\/23 \u00e5r. Det er b\u00f8rn, der i deres tidlige opv\u00e6kst har oplevet overgreb og\/eller lidt betydelig skade p\u00e5 deres psykosociale udvikling og som f\u00f8lge deraf, har brug for et professionelt behandlingstilbud.<\/p>\n\n\n\n<figure class=\"wp-block-image size-large\"><img loading=\"lazy\" decoding=\"async\" width=\"1024\" height=\"682\" src=\"http:\/\/16.170.43.65\/wp-content\/uploads\/2021\/12\/young-people-gd4e77d994_1920-1024x682.jpg\" alt=\"\" class=\"wp-image-284\" srcset=\"https:\/\/eggertshus.dk\/wp-content\/uploads\/2021\/12\/young-people-gd4e77d994_1920-1024x682.jpg 1024w, https:\/\/eggertshus.dk\/wp-content\/uploads\/2021\/12\/young-people-gd4e77d994_1920-300x200.jpg 300w, https:\/\/eggertshus.dk\/wp-content\/uploads\/2021\/12\/young-people-gd4e77d994_1920-768x512.jpg 768w, https:\/\/eggertshus.dk\/wp-content\/uploads\/2021\/12\/young-people-gd4e77d994_1920-1536x1023.jpg 1536w, https:\/\/eggertshus.dk\/wp-content\/uploads\/2021\/12\/young-people-gd4e77d994_1920.jpg 1920w\" sizes=\"auto, (max-width: 1024px) 100vw, 1024px\" \/><\/figure>\n\n\n\n<p>De anbragte p\u00e5 Eggertshus har typisk oplevet en r\u00e6kke svigt i deres opv\u00e6kst, der har v\u00e6ret pr\u00e6get af skiftende prim\u00e6rpersoner, brudte familiekonstellationer, uforudsigelighed, vold og incest. Det er b\u00f8rn og unge, der har vanskeligheder med relationerne i hjemmet og sv\u00e6rt ved social integration generelt. Det er ligeledes b\u00f8rn, der op gennem deres barndom har oplevet skiftende hj\u00e6lpeforanstaltninger, s\u00e5vel i deres skoleforl\u00f8b, som fra socialforvaltningen. Nogle vil have en eller flere anbringelser bag sig.<\/p>\n\n\n\n<p>Eggertshus er desuden godkendt til at modtage, sent udviklede og udviklingsh\u00e6mmede i lettere grad, der herudover har adf\u00e6rdsm\u00e6ssige problemer og kan have v\u00e6ret udsat for et omsorgssvigt i deres opv\u00e6kst s\u00e5ledes, at de i dag fremst\u00e5r som socialt utilpassede.<\/p>\n\n\n\n<p>Eggertshus er desuden godkendt til at modtage unge efter servicelovens \u00a7 107 og kan i forbindelse hermed ogs\u00e5 tilbyde den tre\u00e5rige S\u00e6rligt Tilrettelagte Ungdomsuddannelse, STU.<\/p>\n","protected":false},"excerpt":{"rendered":"<p>Eggertshus m\u00e5lgruppe inkluderer b\u00f8rn der befinder sig indenfor eller p\u00e5 kanten af f\u00f8lgende grupper: Eggertshus\u00b4 m\u00e5lgruppe er b\u00f8rn og unge i alderen 6 til 18\/23 \u00e5r. Det er b\u00f8rn, der i deres tidlige opv\u00e6kst har oplevet overgreb og\/eller lidt betydelig skade p\u00e5 deres psykosociale udvikling og som f\u00f8lge deraf, har brug for et professionelt behandlingstilbud. [&hellip;]<\/p>\n","protected":false},"author":1,"featured_media":0,"parent":0,"menu_order":0,"comment_status":"closed","ping_status":"closed","template":"","meta":{"footnotes":""},"class_list":["post-125","page","type-page","status-publish","hentry"],"_links":{"self":[{"href":"https:\/\/eggertshus.dk\/index.php\/wp-json\/wp\/v2\/pages\/125","targetHints":{"allow":["GET"]}}],"collection":[{"href":"https:\/\/eggertshus.dk\/index.php\/wp-json\/wp\/v2\/pages"}],"about":[{"href":"https:\/\/eggertshus.dk\/index.php\/wp-json\/wp\/v2\/types\/page"}],"author":[{"embeddable":true,"href":"https:\/\/eggertshus.dk\/index.php\/wp-json\/wp\/v2\/users\/1"}],"replies":[{"embeddable":true,"href":"https:\/\/eggertshus.dk\/index.php\/wp-json\/wp\/v2\/comments?post=125"}],"version-history":[{"count":6,"href":"https:\/\/eggertshus.dk\/index.php\/wp-json\/wp\/v2\/pages\/125\/revisions"}],"predecessor-version":[{"id":301,"href":"https:\/\/eggertshus.dk\/index.php\/wp-json\/wp\/v2\/pages\/125\/revisions\/301"}],"wp:attachment":[{"href":"https:\/\/eggertshus.dk\/index.php\/wp-json\/wp\/v2\/media?parent=125"}],"curies":[{"name":"wp","href":"https:\/\/api.w.org\/{rel}","templated":true}]}}