{"id":133,"date":"2021-12-30T20:52:03","date_gmt":"2021-12-30T19:52:03","guid":{"rendered":"https:\/\/eggertshus.dk\/?page_id=133"},"modified":"2023-12-29T10:57:51","modified_gmt":"2023-12-29T09:57:51","slug":"ydelser","status":"publish","type":"page","link":"https:\/\/eggertshus.dk\/index.php\/ydelser\/","title":{"rendered":"D\u00f8gnanbringelse"},"content":{"rendered":"\n<h1 class=\"wp-block-heading\">D\u00f8gnbehandling<\/h1>\n\n\n\n<p>Eggertshus\u00b4 behandlingstilbud tager sit behandlingsm\u00e6ssige udgangspunkt i milj\u00f8terapi, hvilket vi definerer som:<\/p>\n\n\n\n<p>En systematisk og gennemt\u00e6nkt tilrettel\u00e6ggelse af milj\u00f8ets psykologiske, sociale og materielle betingelser i forhold til det enkelte barn eller unges og gruppens situation og behov.<\/p>\n\n\n\n<p>Eggertshus tager udgangspunkt i en psykodynamisk forst\u00e5else af det enkelte barn\/den unges problemer og personlighedsstruktur.<\/p>\n\n\n\n<p>Ramme- og gr\u00e6nses\u00e6tning vil v\u00e6re n\u00f8dvendigt for at skabe et terapeutisk milj\u00f8, hvor barnet\/den unges indre psykiske problemer kan bearbejdes og nye positive erfaringer indh\u00f8stes, men adf\u00e6rdskorrektion er ikke et m\u00e5l i sig selv.<\/p>\n\n\n\n<figure class=\"wp-block-image size-large\"><img loading=\"lazy\" decoding=\"async\" width=\"1024\" height=\"683\" src=\"http:\/\/16.170.43.65\/wp-content\/uploads\/2021\/12\/child-g3df370927_1920-1024x683.jpg\" alt=\"\" class=\"wp-image-280\" srcset=\"https:\/\/eggertshus.dk\/wp-content\/uploads\/2021\/12\/child-g3df370927_1920-1024x683.jpg 1024w, https:\/\/eggertshus.dk\/wp-content\/uploads\/2021\/12\/child-g3df370927_1920-300x200.jpg 300w, https:\/\/eggertshus.dk\/wp-content\/uploads\/2021\/12\/child-g3df370927_1920-768x512.jpg 768w, https:\/\/eggertshus.dk\/wp-content\/uploads\/2021\/12\/child-g3df370927_1920-1536x1024.jpg 1536w, https:\/\/eggertshus.dk\/wp-content\/uploads\/2021\/12\/child-g3df370927_1920.jpg 1920w\" sizes=\"auto, (max-width: 1024px) 100vw, 1024px\" \/><figcaption class=\"wp-element-caption\">Behandlingen tager udgangspunkt i hverdagssituationer, som leg samt social interaktion med b\u00f8rn og voksne p\u00e5 Eggertshus. Vi benytter disse hverdagssituationer til hj\u00e6lpe med at opbygge deres, ofte manglende, sociale kompetencer.<\/figcaption><\/figure>\n\n\n\n<p>P\u00e5 Eggertshus arbejdes der med prim\u00e6rp\u00e6dagogik i den daglige behandling. Prim\u00e6rp\u00e6dagogen har ansvaret for alle praktiske funktioner i forbindelse med den unges dagligdag og er desuden forpligtet til stadig at skabe p\u00e6dagogiske situationer, der fremmer det bevidste arbejde p\u00e5 at n\u00e5 de i behandlingsplanerne og de overordnede m\u00e5ls\u00e6tningers fastsatte m\u00e5l. Kontinuerligt vurderes det om den anbragte vil profitere af et skift af prim\u00e6rp\u00e6dagog eller om der fortsat er et fagligt match mellem beboer og kontaktp\u00e6dagog.<\/p>\n\n\n\n<p>Eggertshus tilbyder, hvis den anbragte kan profitere af det, enesamtaler, hvor store og sm\u00e5 problemstillinger i den anbragtes liv behandles.<\/p>\n\n\n\n<p>Alle anbragte p\u00e5 Eggertshus har med udgangspunkt i den enkeltes problemstilling, en individuelt tilrettelagt behandlingsplan. Kun de f\u00e6lles overordnede rammer er ens for de anbragte b\u00f8rn og unge p\u00e5 Eggertshus.<\/p>\n\n\n\n<p>Medmindre socialforvaltningens handleplan foreskriver andet, er for\u00e6ldre efter forudg\u00e5ende aftale, altid velkomne p\u00e5 Eggertshus.<\/p>\n\n\n\n<p>Mindst \u00e9n gang ugentligt bliver for\u00e6ldrene kontaktet af Eggertshus, der oplyser om barnets\/den unges dagligdag. Den anbragte kan overh\u00f8re disse samtaler hvis de \u00f8nsker det.<\/p>\n\n\n\n<h2 class=\"wp-block-heading\">M\u00e5ls\u00e6tninger<\/h2>\n\n\n\n<p>I forbindelse med anbringelsen etableres, bliver der inden for den f\u00f8rste seksm\u00e5neders periode udf\u00e6rdiget en grundig psykologisk unders\u00f8gelse af barnet\/den unge.<\/p>\n\n\n\n<p>Med skyldig hensyntagen til den, af anbringende kommune udf\u00e6rdigede handleplan, danner den psykologiske unders\u00f8gelse sammen med den p\u00e6dagogiske udredning, der ligeledes finder sted de f\u00f8rste seks m\u00e5neder, grundlag for behandlingsplanen for det anbragte barn\/ den unge.<\/p>\n\n\n\n<p>Da det er vores erfaring, at ingen, hverken b\u00f8rn eller voksne, kan arbejde med alle problemkomplekser samtidig, tages der stilling til hvilke af de konkrete problemstillinger, der i f\u00f8rste omgang skal arbejdes med og i hvilket omfang.<\/p>\n\n\n\n<p>Der udf\u00e6rdiges derefter en konkret behandlingsplan med beskrivelse af problem omfang samt m\u00e5l med behandlingen. Ligesom metoden til at opn\u00e5 m\u00e5let\/m\u00e5lene beskrives og indarbejdes i barnets\/den unges hverdag.<\/p>\n\n\n\n<p>Behandlingsplanen evalueres mindst hver sjette m\u00e5ned n\u00e5r der afholdes behandlingsm\u00f8de med deltagelse af barnet\/den unge, for\u00e6ldre samt sagsbehandler fra anbringende kommune.<\/p>\n","protected":false},"excerpt":{"rendered":"<p>D\u00f8gnbehandling Eggertshus\u00b4 behandlingstilbud tager sit behandlingsm\u00e6ssige udgangspunkt i milj\u00f8terapi, hvilket vi definerer som: En systematisk og gennemt\u00e6nkt tilrettel\u00e6ggelse af milj\u00f8ets psykologiske, sociale og materielle betingelser i forhold til det enkelte barn eller unges og gruppens situation og behov. Eggertshus tager udgangspunkt i en psykodynamisk forst\u00e5else af det enkelte barn\/den unges problemer og personlighedsstruktur. Ramme- og [&hellip;]<\/p>\n","protected":false},"author":1,"featured_media":0,"parent":0,"menu_order":0,"comment_status":"closed","ping_status":"closed","template":"","meta":{"footnotes":""},"class_list":["post-133","page","type-page","status-publish","hentry"],"_links":{"self":[{"href":"https:\/\/eggertshus.dk\/index.php\/wp-json\/wp\/v2\/pages\/133","targetHints":{"allow":["GET"]}}],"collection":[{"href":"https:\/\/eggertshus.dk\/index.php\/wp-json\/wp\/v2\/pages"}],"about":[{"href":"https:\/\/eggertshus.dk\/index.php\/wp-json\/wp\/v2\/types\/page"}],"author":[{"embeddable":true,"href":"https:\/\/eggertshus.dk\/index.php\/wp-json\/wp\/v2\/users\/1"}],"replies":[{"embeddable":true,"href":"https:\/\/eggertshus.dk\/index.php\/wp-json\/wp\/v2\/comments?post=133"}],"version-history":[{"count":8,"href":"https:\/\/eggertshus.dk\/index.php\/wp-json\/wp\/v2\/pages\/133\/revisions"}],"predecessor-version":[{"id":305,"href":"https:\/\/eggertshus.dk\/index.php\/wp-json\/wp\/v2\/pages\/133\/revisions\/305"}],"wp:attachment":[{"href":"https:\/\/eggertshus.dk\/index.php\/wp-json\/wp\/v2\/media?parent=133"}],"curies":[{"name":"wp","href":"https:\/\/api.w.org\/{rel}","templated":true}]}}